{"id":247,"date":"2019-06-03T15:27:44","date_gmt":"2019-06-03T15:27:44","guid":{"rendered":"https:\/\/ozaf.it\/?page_id=247"},"modified":"2019-11-11T06:24:17","modified_gmt":"2019-11-11T05:24:17","slug":"chi-siamo","status":"publish","type":"page","link":"https:\/\/ozaf.it\/fra\/chi-siamo\/","title":{"rendered":"QUI NOUS SOMMES"},"content":{"rendered":"<p><p>&nbsp;<\/p>\n<h2><strong>Un point de r\u00e9f\u00e9rence en mati\u00e8re d'automatisation industrielle dans les processus de service des lignes de remplissage, d'\u00e9tiquetage et d'\u00e9tuyage.<\/strong><\/h2>\n<p style=\"line-height: 25px;\">Depuis 1950, O.ZA.F Srl est un point de r\u00e9f\u00e9rence dans l'automation industrielle, dans les process de service des lignes de remplissage,d'\u00e9tiquetage et d'\u00e9tuyage. Fond\u00e9e en tant qu'entreprise artisanale, la force d'O.ZA.F repose aujourd'hui sur un service de conseil technique et commercial, op\u00e9rant en Italie et \u00e0 l'\u00e9tranger, d\u00e9di\u00e9 \u00e0 accompagner le client dans la cr\u00e9ation d'un produit con\u00e7u selon ses besoins dans chaque composant : de la conception m\u00e9canique et \u00e9lectronique, \u00e0 l'assemblage et au test, en passant par la r\u00e9daction de documentation type et la validation du produit. Tout cela est compl\u00e9t\u00e9 par un service apr\u00e8s-vente capable de r\u00e9pondre dans des d\u00e9lais tr\u00e8s courts \u00e0 toute demande. L'innovation de l'entreprise n'oublie pas les valeurs historiques originales, bas\u00e9es sur l'attention \u00e0 la qualit\u00e9 des mat\u00e9riaux, le processus de fabrication et la machine qui repr\u00e9sente une excellence du Made in Italy. Les secteurs d'utilisation de l'entreprise vont de la pharmacie (dans les diff\u00e9rents environnements classifi\u00e9s ISO) \u00e0 la cosm\u00e9tique, l'agroalimentaire, le tabac, la chimie et la m\u00e9canique. Les syst\u00e8mes automatis\u00e9s sur mesure, int\u00e9gr\u00e9s par les fabricants et les utilisateurs finaux dans les lignes de remplissage, de bouchage, d'\u00e9tiquetage et d'emballage, compos\u00e9s de machines pour la commande de pi\u00e8ces en vrac et de machines d'assemblage de composants, constituent le c\u0153ur de m\u00e9tier de cette r\u00e9alit\u00e9 enti\u00e8rement italienne.<\/p>\n<div class=\"epyt-video-wrapper\"><iframe loading=\"lazy\"  id=\"_ytid_52529\"  width=\"480\" height=\"270\"  data-origwidth=\"480\" data-origheight=\"270\"  data-relstop=\"1\" src=\"https:\/\/www.youtube.com\/embed\/TyyYLe0RzEA?enablejsapi=1&autoplay=0&cc_load_policy=1&cc_lang_pref=&iv_load_policy=1&loop=0&rel=0&fs=1&playsinline=0&autohide=2&theme=dark&color=red&controls=1&disablekb=0&\" class=\"__youtube_prefs__  no-lazyload\" title=\"YouTube player\"  allow=\"fullscreen; accelerometer; autoplay; clipboard-write; encrypted-media; gyroscope; picture-in-picture; web-share\" referrerpolicy=\"strict-origin-when-cross-origin\" allowfullscreen data-no-lazy=\"1\" data-skipgform_ajax_framebjll=\"\"><\/iframe><\/div>","protected":false},"excerpt":{"rendered":"<p>&nbsp; Un punto di riferimento nell&#8217;automazione industriale nei processi di asservimento alle linee di riempimento, etichettatura e astucciamento O.ZA.F Srl dal 1950 \u00e8 un punto di riferimento nell\u2019automazione industriale, nei processi di asservimento alle linee di riempimento, etichettatura e astucciamento. Nata come una ditta artigianale oggi la forza di O.ZA.F si basa su un servizio di consulenza tecnica commerciale, operativo sul territorio italiano ed estero dedicato ad accompagnare il cliente nella creazione di un prodotto progettato sulle sue esigenze in ogni sua componente: dalla progettazione meccanica ed elettronica, passando per il montaggio ed il collaudo, arrivando alla redazione della documentazione&#8230; <\/p>","protected":false},"author":1,"featured_media":0,"parent":0,"menu_order":0,"comment_status":"closed","ping_status":"closed","template":"template-no-sidebar.php","meta":{"footnotes":""},"yoast_head":"<!-- This site is optimized with the Yoast SEO plugin v24.5 - https:\/\/yoast.com\/wordpress\/plugins\/seo\/ -->\n<title>CHI SIAMO - O.ZA.F. srl<\/title>\n<meta name=\"robots\" content=\"noindex, follow\" \/>\n<meta property=\"og:locale\" content=\"fr_FR\" \/>\n<meta property=\"og:type\" content=\"article\" \/>\n<meta property=\"og:title\" content=\"CHI SIAMO - O.ZA.F. srl\" \/>\n<meta property=\"og:description\" content=\"&nbsp; Un punto di riferimento nell&#8217;automazione industriale nei processi di asservimento alle linee di riempimento, etichettatura e astucciamento O.ZA.F Srl dal 1950 \u00e8 un punto di riferimento nell\u2019automazione industriale, nei processi di asservimento alle linee di riempimento, etichettatura e astucciamento. Nata come una ditta artigianale oggi la forza di O.ZA.F si basa su un servizio di consulenza tecnica commerciale, operativo sul territorio italiano ed estero dedicato ad accompagnare il cliente nella creazione di un prodotto progettato sulle sue esigenze in ogni sua componente: dalla progettazione meccanica ed elettronica, passando per il montaggio ed il collaudo, arrivando alla redazione della documentazione...\" \/>\n<meta property=\"og:url\" content=\"https:\/\/ozaf.it\/fra\/chi-siamo\/\" \/>\n<meta property=\"og:site_name\" content=\"O.ZA.F. srl\" \/>\n<meta property=\"article:modified_time\" content=\"2019-11-11T05:24:17+00:00\" \/>\n<meta name=\"twitter:card\" content=\"summary_large_image\" \/>\n<script type=\"application\/ld+json\" class=\"yoast-schema-graph\">{\"@context\":\"https:\/\/schema.org\",\"@graph\":[{\"@type\":\"WebPage\",\"@id\":\"https:\/\/ozaf.it\/it_it\/chi-siamo\/\",\"url\":\"https:\/\/ozaf.it\/it_it\/chi-siamo\/\",\"name\":\"CHI SIAMO - O.ZA.F. srl\",\"isPartOf\":{\"@id\":\"https:\/\/ozaf.it\/it_it\/#website\"},\"datePublished\":\"2019-06-03T15:27:44+00:00\",\"dateModified\":\"2019-11-11T05:24:17+00:00\",\"breadcrumb\":{\"@id\":\"https:\/\/ozaf.it\/it_it\/chi-siamo\/#breadcrumb\"},\"inLanguage\":\"fr-FR\",\"potentialAction\":[{\"@type\":\"ReadAction\",\"target\":[\"https:\/\/ozaf.it\/it_it\/chi-siamo\/\"]}]},{\"@type\":\"BreadcrumbList\",\"@id\":\"https:\/\/ozaf.it\/it_it\/chi-siamo\/#breadcrumb\",\"itemListElement\":[{\"@type\":\"ListItem\",\"position\":1,\"name\":\"Home\",\"item\":\"https:\/\/ozaf.it\/it_it\/\"},{\"@type\":\"ListItem\",\"position\":2,\"name\":\"CHI SIAMO\"}]},{\"@type\":\"WebSite\",\"@id\":\"https:\/\/ozaf.it\/it_it\/#website\",\"url\":\"https:\/\/ozaf.it\/it_it\/\",\"name\":\"O.ZA.F. - Assembling & Orienting Solutions\",\"description\":\"Orienting and assembling solutions\",\"publisher\":{\"@id\":\"https:\/\/ozaf.it\/it_it\/#organization\"},\"potentialAction\":[{\"@type\":\"SearchAction\",\"target\":{\"@type\":\"EntryPoint\",\"urlTemplate\":\"https:\/\/ozaf.it\/it_it\/?s={search_term_string}\"},\"query-input\":{\"@type\":\"PropertyValueSpecification\",\"valueRequired\":true,\"valueName\":\"search_term_string\"}}],\"inLanguage\":\"fr-FR\"},{\"@type\":\"Organization\",\"@id\":\"https:\/\/ozaf.it\/it_it\/#organization\",\"name\":\"O.ZA.F.\",\"url\":\"https:\/\/ozaf.it\/it_it\/\",\"logo\":{\"@type\":\"ImageObject\",\"inLanguage\":\"fr-FR\",\"@id\":\"https:\/\/ozaf.it\/it_it\/#\/schema\/logo\/image\/\",\"url\":\"https:\/\/ozaf.it\/wp-content\/uploads\/2019\/06\/logo_OZAF_colori_sfondo-bianco-1.jpg\",\"contentUrl\":\"https:\/\/ozaf.it\/wp-content\/uploads\/2019\/06\/logo_OZAF_colori_sfondo-bianco-1.jpg\",\"width\":512,\"height\":512,\"caption\":\"O.ZA.F.\"},\"image\":{\"@id\":\"https:\/\/ozaf.it\/it_it\/#\/schema\/logo\/image\/\"},\"sameAs\":[\"https:\/\/www.linkedin.com\/company\/15837659\/\",\"https:\/\/www.youtube.com\/channel\/UCtNwZfVNQe-4o1N23pnxBeA\/featured?view_as=public\"]}]}<\/script>\n<!-- \/ Yoast SEO plugin. -->","yoast_head_json":{"title":"CHI SIAMO - O.ZA.F. srl","robots":{"index":"noindex","follow":"follow"},"og_locale":"fr_FR","og_type":"article","og_title":"CHI SIAMO - O.ZA.F. srl","og_description":"&nbsp; Un punto di riferimento nell&#8217;automazione industriale nei processi di asservimento alle linee di riempimento, etichettatura e astucciamento O.ZA.F Srl dal 1950 \u00e8 un punto di riferimento nell\u2019automazione industriale, nei processi di asservimento alle linee di riempimento, etichettatura e astucciamento. Nata come una ditta artigianale oggi la forza di O.ZA.F si basa su un servizio di consulenza tecnica commerciale, operativo sul territorio italiano ed estero dedicato ad accompagnare il cliente nella creazione di un prodotto progettato sulle sue esigenze in ogni sua componente: dalla progettazione meccanica ed elettronica, passando per il montaggio ed il collaudo, arrivando alla redazione della documentazione...","og_url":"https:\/\/ozaf.it\/fra\/chi-siamo\/","og_site_name":"O.ZA.F. srl","article_modified_time":"2019-11-11T05:24:17+00:00","twitter_card":"summary_large_image","schema":{"@context":"https:\/\/schema.org","@graph":[{"@type":"WebPage","@id":"https:\/\/ozaf.it\/it_it\/chi-siamo\/","url":"https:\/\/ozaf.it\/it_it\/chi-siamo\/","name":"CHI SIAMO - O.ZA.F. srl","isPartOf":{"@id":"https:\/\/ozaf.it\/it_it\/#website"},"datePublished":"2019-06-03T15:27:44+00:00","dateModified":"2019-11-11T05:24:17+00:00","breadcrumb":{"@id":"https:\/\/ozaf.it\/it_it\/chi-siamo\/#breadcrumb"},"inLanguage":"fr-FR","potentialAction":[{"@type":"ReadAction","target":["https:\/\/ozaf.it\/it_it\/chi-siamo\/"]}]},{"@type":"BreadcrumbList","@id":"https:\/\/ozaf.it\/it_it\/chi-siamo\/#breadcrumb","itemListElement":[{"@type":"ListItem","position":1,"name":"Home","item":"https:\/\/ozaf.it\/it_it\/"},{"@type":"ListItem","position":2,"name":"CHI SIAMO"}]},{"@type":"WebSite","@id":"https:\/\/ozaf.it\/it_it\/#website","url":"https:\/\/ozaf.it\/it_it\/","name":"O.ZA.F. - Assembling & Orienting Solutions","description":"Orienting and assembling solutions","publisher":{"@id":"https:\/\/ozaf.it\/it_it\/#organization"},"potentialAction":[{"@type":"SearchAction","target":{"@type":"EntryPoint","urlTemplate":"https:\/\/ozaf.it\/it_it\/?s={search_term_string}"},"query-input":{"@type":"PropertyValueSpecification","valueRequired":true,"valueName":"search_term_string"}}],"inLanguage":"fr-FR"},{"@type":"Organization","@id":"https:\/\/ozaf.it\/it_it\/#organization","name":"O.ZA.F.","url":"https:\/\/ozaf.it\/it_it\/","logo":{"@type":"ImageObject","inLanguage":"fr-FR","@id":"https:\/\/ozaf.it\/it_it\/#\/schema\/logo\/image\/","url":"https:\/\/ozaf.it\/wp-content\/uploads\/2019\/06\/logo_OZAF_colori_sfondo-bianco-1.jpg","contentUrl":"https:\/\/ozaf.it\/wp-content\/uploads\/2019\/06\/logo_OZAF_colori_sfondo-bianco-1.jpg","width":512,"height":512,"caption":"O.ZA.F."},"image":{"@id":"https:\/\/ozaf.it\/it_it\/#\/schema\/logo\/image\/"},"sameAs":["https:\/\/www.linkedin.com\/company\/15837659\/","https:\/\/www.youtube.com\/channel\/UCtNwZfVNQe-4o1N23pnxBeA\/featured?view_as=public"]}]}},"jetpack_sharing_enabled":true,"_links":{"self":[{"href":"https:\/\/ozaf.it\/fra\/wp-json\/wp\/v2\/pages\/247"}],"collection":[{"href":"https:\/\/ozaf.it\/fra\/wp-json\/wp\/v2\/pages"}],"about":[{"href":"https:\/\/ozaf.it\/fra\/wp-json\/wp\/v2\/types\/page"}],"author":[{"embeddable":true,"href":"https:\/\/ozaf.it\/fra\/wp-json\/wp\/v2\/users\/1"}],"replies":[{"embeddable":true,"href":"https:\/\/ozaf.it\/fra\/wp-json\/wp\/v2\/comments?post=247"}],"version-history":[{"count":12,"href":"https:\/\/ozaf.it\/fra\/wp-json\/wp\/v2\/pages\/247\/revisions"}],"predecessor-version":[{"id":888,"href":"https:\/\/ozaf.it\/fra\/wp-json\/wp\/v2\/pages\/247\/revisions\/888"}],"wp:attachment":[{"href":"https:\/\/ozaf.it\/fra\/wp-json\/wp\/v2\/media?parent=247"}],"curies":[{"name":"wp","href":"https:\/\/api.w.org\/{rel}","templated":true}]}}